{"id":70,"date":"2017-09-11T17:35:01","date_gmt":"2017-09-11T15:35:01","guid":{"rendered":"https:\/\/www.thecolosseum.org\/pt\/?page_id=70"},"modified":"2025-01-06T11:36:27","modified_gmt":"2025-01-06T10:36:27","slug":"historia","status":"publish","type":"page","link":"https:\/\/www.thecolosseum.org\/pt\/historia\/","title":{"rendered":"Hist\u00f3ria do Coliseu"},"content":{"rendered":"\n<p>O Coliseu Romano tem uma longa e rica hist\u00f3ria. Desde os tempos em que foi usado como arena de gladiadores e assistiu a ca\u00e7adas encenadas com milhares de animais selvagens, at\u00e9 hoje, testemunhou a ascens\u00e3o e queda do Imp\u00e9rio Romano no seu auge\u2026 e o seu decl\u00ednio e desaparecimento. Diz-se que at\u00e9 400.000 pessoas encontraram o seu fim nas areias da arena, assim como um milh\u00e3o de animais selvagens de muitas esp\u00e9cies diferentes.<\/p>\n\n\n<div class=\"gb-container gb-container-c04800c2 ms-timeline-list\">\n<div class=\"gb-container gb-container-63c48ce4 ms-timeline-item\">\n\n<p class=\"gb-headline gb-headline-7e31b22a gb-headline-text ms-timeline-item__time\"><strong>72 DC<\/strong><\/p>\n\n\n\n<p class=\"gb-headline gb-headline-4041ccdf gb-headline-text\">A constru\u00e7\u00e3o do Anfiteatro Flaviano come\u00e7a sob o Imperador Vespasiano. Vespasiano via o Coliseu como um presente para o povo de Roma \u2014 que estava descontente ap\u00f3s o reinado desastroso do Imperador Nero.<\/p>\n\n<\/div>\n\n<div class=\"gb-container gb-container-6fbaeb8d ms-timeline-item\">\n\n<p class=\"gb-headline gb-headline-12aaa73c gb-headline-text ms-timeline-item__time\"><strong>80 DC<\/strong><\/p>\n\n\n\n<p class=\"gb-headline gb-headline-a97b44c4 gb-headline-text\">Tito, filho de Vespasiano, oficialmente dedica o Anfiteatro, tamb\u00e9m conhecido como o Coliseu, e decreta 100 dias de jogos para a sua inaugura\u00e7\u00e3o. A constru\u00e7\u00e3o seria completamente finalizada pelo irm\u00e3o mais novo de Tito e sucessor, Domiciano, em 83 DC.<\/p>\n\n<\/div>\n\n<div class=\"gb-container gb-container-fc19ed8a ms-timeline-item\">\n\n<p class=\"gb-headline gb-headline-4132029e gb-headline-text ms-timeline-item__time\"><strong>217<\/strong><\/p>\n\n\n\n<p class=\"gb-headline gb-headline-d8e8964d gb-headline-text\">Um inc\u00eandio danifica o edif\u00edcio, destruindo completamente o seu n\u00edvel superior de madeira.<\/p>\n\n<\/div>\n\n<div class=\"gb-container gb-container-c5916d2f ms-timeline-item\">\n\n<p class=\"gb-headline gb-headline-8b2c4a6f gb-headline-text ms-timeline-item__time\"><strong>Meados do s\u00e9culo V<\/strong><\/p>\n\n\n\n<p class=\"gb-headline gb-headline-0d62b04e gb-headline-text\">Nenhuma data exata \u00e9 conhecida, mas os \u00faltimos relatos de combates de gladiadores no Coliseu datam deste per\u00edodo, embora ele tenha continuado a ser utilizado para ca\u00e7adas de animais selvagens por algum tempo depois.<\/p>\n\n<\/div>\n\n<div class=\"gb-container gb-container-afa34737 ms-timeline-item\">\n\n<p class=\"gb-headline gb-headline-b0ce6f29 gb-headline-text ms-timeline-item__time\"><strong>Final do s\u00e9culo VI<\/strong><\/p>\n\n\n\n<p class=\"gb-headline gb-headline-116e4676 gb-headline-text\">O Coliseu j\u00e1 n\u00e3o \u00e9 usado como anfiteatro para entreter a popula\u00e7\u00e3o de Roma. Por volta dessa \u00e9poca, uma capela \u00e9 adicionada ao edif\u00edcio, o piso da arena \u00e9 usado como cemit\u00e9rio, e os espa\u00e7os abobadados que comp\u00f5em as paredes do edif\u00edcio, sob os seus assentos, s\u00e3o utilizados como casas e oficinas.<\/p>\n\n<\/div>\n\n<div class=\"gb-container gb-container-63fe8555 ms-timeline-item\">\n\n<p class=\"gb-headline gb-headline-09cc0ef8 gb-headline-text ms-timeline-item__time\"><strong>S\u00e9culo XII<\/strong><\/p>\n\n\n\n<p class=\"gb-headline gb-headline-a436f201 gb-headline-text\">A fam\u00edlia Frangipani, uma poderosa fam\u00edlia patr\u00edcia romana da \u00e9poca, tomou o edif\u00edcio e converteu-o num castelo fortificado.<\/p>\n\n<\/div>\n\n<div class=\"gb-container gb-container-2d886752 ms-timeline-item\">\n\n<p class=\"gb-headline gb-headline-805a7548 gb-headline-text ms-timeline-item__time\"><strong>1349<\/strong><\/p>\n\n\n\n<p class=\"gb-headline gb-headline-2a554f91 gb-headline-text\">O edif\u00edcio \u00e9 seriamente danificado por um terremoto, e toda uma se\u00e7\u00e3o das suas paredes externas desaba. O dano, na forma de partes faltantes da estrutura, ainda pode ser visto hoje.<\/p>\n\n<\/div>\n\n<div class=\"gb-container gb-container-f64429f7 ms-timeline-item\">\n\n<p class=\"gb-headline gb-headline-409a301b gb-headline-text ms-timeline-item__time\"><strong>S\u00e9culos XIV a XVIII<\/strong><\/p>\n\n\n\n<p class=\"gb-headline gb-headline-ac26413a gb-headline-text\">O Coliseu passa por uma degrada\u00e7\u00e3o progressiva, \u00e0 medida que os seus materiais de constru\u00e7\u00e3o s\u00e3o retirados para serem usados em outros locais de Roma. Os grampos de ferro que mantinham as pedras juntas foram retirados para serem fundidos e reutilizados, e a pedra da sua estrutura foi reaproveitada e usada para construir outros edif\u00edcios por toda a cidade. Parte do m\u00e1rmore que decorava a sua fachada foi usada na constru\u00e7\u00e3o da Bas\u00edlica de S\u00e3o Pedro.<\/p>\n\n<\/div>\n\n<div class=\"gb-container gb-container-69f062b5 ms-timeline-item\">\n\n<p class=\"gb-headline gb-headline-790155c1 gb-headline-text ms-timeline-item__time\"><strong>1749<\/strong><\/p>\n\n\n\n<p class=\"gb-headline gb-headline-87934cc3 gb-headline-text\">Finalmente, uma boa not\u00edcia: Ap\u00f3s s\u00e9culos de decad\u00eancia, o Papa Bento XIV consagra o edif\u00edcio e declara que deve ser protegido, com base na cren\u00e7a de que o sangue dos m\u00e1rtires crist\u00e3os derramado na arena o tornou um lugar sagrado. No entanto, h\u00e1 poucas evid\u00eancias hist\u00f3ricas que apoiem essa afirma\u00e7\u00e3o.<\/p>\n\n<\/div>\n\n<div class=\"gb-container gb-container-e584eabd ms-timeline-item\">\n\n<p class=\"gb-headline gb-headline-e43daff7 gb-headline-text ms-timeline-item__time\"><strong>S\u00e9culos XIX e XX<\/strong><\/p>\n\n\n\n<p class=\"gb-headline gb-headline-fecfaa46 gb-headline-text\">O Coliseu passa por sucessivos projetos de restaura\u00e7\u00e3o, a pedido de v\u00e1rios Papas, governos e da cidade de Roma.<\/p>\n\n<\/div>\n\n<div class=\"gb-container gb-container-edbb5fac ms-timeline-item\">\n\n<p class=\"gb-headline gb-headline-3868eadb gb-headline-text ms-timeline-item__time\"><strong>2013 a 2016<\/strong><\/p>\n\n\n\n<p class=\"gb-headline gb-headline-3feb883c gb-headline-text\">O Coliseu passa por um grande projeto de restaura\u00e7\u00e3o. Toda a fachada do edif\u00edcio \u00e9 limpa, removendo a sujeira e fuligem acumulada de d\u00e9cadas de tr\u00e2nsito romano.<\/p>\n\n<\/div>\n\n<div class=\"gb-container gb-container-efecd40f ms-timeline-item\">\n\n<p class=\"gb-headline gb-headline-7436dc9d gb-headline-text ms-timeline-item__time\"><strong>Hoje<\/strong><\/p>\n\n\n\n<p class=\"gb-headline gb-headline-4c8d38a9 gb-headline-text\">O Coliseu recebe mais de 7 milh\u00f5es de visitantes por ano. \u00c9 a atra\u00e7\u00e3o tur\u00edstica mais visitada da It\u00e1lia e um dos edif\u00edcios mais populares e ic\u00f4nicos do mundo. Desde a data da sua conclus\u00e3o em 80 DC, quando ainda era conhecido como o Anfiteatro Flaviano, ele tem mil novecentos e trinta e sete anos de idade, tornando-se um dos edif\u00edcios feitos pelo homem mais antigos e melhor preservados do mundo.<\/p>\n\n<\/div>\n<\/div>","protected":false},"excerpt":{"rendered":"","protected":false},"author":1,"featured_media":0,"parent":0,"menu_order":5,"comment_status":"closed","ping_status":"closed","template":"","meta":{"_acf_changed":false,"footnotes":"","button_url":"https:\/\/www.tiqets.com\/pt\/colosseum-l145769\/?partner=thecolosseum","ms_product_id":"","ms_product_name":"","ms_price":"","ms_currency":"","ms_rating_value":"","ms_review_count":"","rank_math_title":"2000 Anos De Hist\u00f3ria Do Coliseu Romano (Cronologia Completa)","rank_math_description":""},"post-style":[],"producer":[],"class_list":["post-70","page","type-page","status-publish","has-post-thumbnail"],"acf":[],"product_schema":{"ms_product_id":"","ms_product_name":"","ms_price":"","ms_currency":"","ms_rating_value":"","ms_review_count":""},"_links":{"self":[{"href":"https:\/\/www.thecolosseum.org\/pt\/wp-json\/wp\/v2\/pages\/70","targetHints":{"allow":["GET"]}}],"collection":[{"href":"https:\/\/www.thecolosseum.org\/pt\/wp-json\/wp\/v2\/pages"}],"about":[{"href":"https:\/\/www.thecolosseum.org\/pt\/wp-json\/wp\/v2\/types\/page"}],"author":[{"embeddable":true,"href":"https:\/\/www.thecolosseum.org\/pt\/wp-json\/wp\/v2\/users\/1"}],"replies":[{"embeddable":true,"href":"https:\/\/www.thecolosseum.org\/pt\/wp-json\/wp\/v2\/comments?post=70"}],"version-history":[{"count":3,"href":"https:\/\/www.thecolosseum.org\/pt\/wp-json\/wp\/v2\/pages\/70\/revisions"}],"predecessor-version":[{"id":811,"href":"https:\/\/www.thecolosseum.org\/pt\/wp-json\/wp\/v2\/pages\/70\/revisions\/811"}],"wp:attachment":[{"href":"https:\/\/www.thecolosseum.org\/pt\/wp-json\/wp\/v2\/media?parent=70"}],"wp:term":[{"taxonomy":"post-style","embeddable":true,"href":"https:\/\/www.thecolosseum.org\/pt\/wp-json\/wp\/v2\/post-style?post=70"},{"taxonomy":"producer","embeddable":true,"href":"https:\/\/www.thecolosseum.org\/pt\/wp-json\/wp\/v2\/producer?post=70"}],"curies":[{"name":"wp","href":"https:\/\/api.w.org\/{rel}","templated":true}]}}

História do Coliseu

<p>O Coliseu Romano tem uma longa e rica história. Desde os tempos em que foi usado como arena de gladiadores e assistiu a caçadas encenadas com milhares de animais selvagens, até hoje, testemunhou a ascensão e queda do Império Romano no seu auge… e o seu declínio e desaparecimento. Diz-se que até 400.000 pessoas encontraram o seu fim nas areias da arena, assim como um milhão de animais selvagens de muitas espécies diferentes.</p>


<div class="gb-container gb-container-c04800c2 ms-timeline-list">
<div class="gb-container gb-container-63c48ce4 ms-timeline-item">

<p class="gb-headline gb-headline-7e31b22a gb-headline-text ms-timeline-item__time"><strong>72 DC</strong></p>



<p class="gb-headline gb-headline-4041ccdf gb-headline-text">A construção do Anfiteatro Flaviano começa sob o Imperador Vespasiano. Vespasiano via o Coliseu como um presente para o povo de Roma — que estava descontente após o reinado desastroso do Imperador Nero.</p>

</div>

<div class="gb-container gb-container-6fbaeb8d ms-timeline-item">

<p class="gb-headline gb-headline-12aaa73c gb-headline-text ms-timeline-item__time"><strong>80 DC</strong></p>



<p class="gb-headline gb-headline-a97b44c4 gb-headline-text">Tito, filho de Vespasiano, oficialmente dedica o Anfiteatro, também conhecido como o Coliseu, e decreta 100 dias de jogos para a sua inauguração. A construção seria completamente finalizada pelo irmão mais novo de Tito e sucessor, Domiciano, em 83 DC.</p>

</div>

<div class="gb-container gb-container-fc19ed8a ms-timeline-item">

<p class="gb-headline gb-headline-4132029e gb-headline-text ms-timeline-item__time"><strong>217</strong></p>



<p class="gb-headline gb-headline-d8e8964d gb-headline-text">Um incêndio danifica o edifício, destruindo completamente o seu nível superior de madeira.</p>

</div>

<div class="gb-container gb-container-c5916d2f ms-timeline-item">

<p class="gb-headline gb-headline-8b2c4a6f gb-headline-text ms-timeline-item__time"><strong>Meados do século V</strong></p>



<p class="gb-headline gb-headline-0d62b04e gb-headline-text">Nenhuma data exata é conhecida, mas os últimos relatos de combates de gladiadores no Coliseu datam deste período, embora ele tenha continuado a ser utilizado para caçadas de animais selvagens por algum tempo depois.</p>

</div>

<div class="gb-container gb-container-afa34737 ms-timeline-item">

<p class="gb-headline gb-headline-b0ce6f29 gb-headline-text ms-timeline-item__time"><strong>Final do século VI</strong></p>



<p class="gb-headline gb-headline-116e4676 gb-headline-text">O Coliseu já não é usado como anfiteatro para entreter a população de Roma. Por volta dessa época, uma capela é adicionada ao edifício, o piso da arena é usado como cemitério, e os espaços abobadados que compõem as paredes do edifício, sob os seus assentos, são utilizados como casas e oficinas.</p>

</div>

<div class="gb-container gb-container-63fe8555 ms-timeline-item">

<p class="gb-headline gb-headline-09cc0ef8 gb-headline-text ms-timeline-item__time"><strong>Século XII</strong></p>



<p class="gb-headline gb-headline-a436f201 gb-headline-text">A família Frangipani, uma poderosa família patrícia romana da época, tomou o edifício e converteu-o num castelo fortificado.</p>

</div>

<div class="gb-container gb-container-2d886752 ms-timeline-item">

<p class="gb-headline gb-headline-805a7548 gb-headline-text ms-timeline-item__time"><strong>1349</strong></p>



<p class="gb-headline gb-headline-2a554f91 gb-headline-text">O edifício é seriamente danificado por um terremoto, e toda uma seção das suas paredes externas desaba. O dano, na forma de partes faltantes da estrutura, ainda pode ser visto hoje.</p>

</div>

<div class="gb-container gb-container-f64429f7 ms-timeline-item">

<p class="gb-headline gb-headline-409a301b gb-headline-text ms-timeline-item__time"><strong>Séculos XIV a XVIII</strong></p>



<p class="gb-headline gb-headline-ac26413a gb-headline-text">O Coliseu passa por uma degradação progressiva, à medida que os seus materiais de construção são retirados para serem usados em outros locais de Roma. Os grampos de ferro que mantinham as pedras juntas foram retirados para serem fundidos e reutilizados, e a pedra da sua estrutura foi reaproveitada e usada para construir outros edifícios por toda a cidade. Parte do mármore que decorava a sua fachada foi usada na construção da Basílica de São Pedro.</p>

</div>

<div class="gb-container gb-container-69f062b5 ms-timeline-item">

<p class="gb-headline gb-headline-790155c1 gb-headline-text ms-timeline-item__time"><strong>1749</strong></p>



<p class="gb-headline gb-headline-87934cc3 gb-headline-text">Finalmente, uma boa notícia: Após séculos de decadência, o Papa Bento XIV consagra o edifício e declara que deve ser protegido, com base na crença de que o sangue dos mártires cristãos derramado na arena o tornou um lugar sagrado. No entanto, há poucas evidências históricas que apoiem essa afirmação.</p>

</div>

<div class="gb-container gb-container-e584eabd ms-timeline-item">

<p class="gb-headline gb-headline-e43daff7 gb-headline-text ms-timeline-item__time"><strong>Séculos XIX e XX</strong></p>



<p class="gb-headline gb-headline-fecfaa46 gb-headline-text">O Coliseu passa por sucessivos projetos de restauração, a pedido de vários Papas, governos e da cidade de Roma.</p>

</div>

<div class="gb-container gb-container-edbb5fac ms-timeline-item">

<p class="gb-headline gb-headline-3868eadb gb-headline-text ms-timeline-item__time"><strong>2013 a 2016</strong></p>



<p class="gb-headline gb-headline-3feb883c gb-headline-text">O Coliseu passa por um grande projeto de restauração. Toda a fachada do edifício é limpa, removendo a sujeira e fuligem acumulada de décadas de trânsito romano.</p>

</div>

<div class="gb-container gb-container-efecd40f ms-timeline-item">

<p class="gb-headline gb-headline-7436dc9d gb-headline-text ms-timeline-item__time"><strong>Hoje</strong></p>



<p class="gb-headline gb-headline-4c8d38a9 gb-headline-text">O Coliseu recebe mais de 7 milhões de visitantes por ano. É a atração turística mais visitada da Itália e um dos edifícios mais populares e icônicos do mundo. Desde a data da sua conclusão em 80 DC, quando ainda era conhecido como o Anfiteatro Flaviano, ele tem mil novecentos e trinta e sete anos de idade, tornando-se um dos edifícios feitos pelo homem mais antigos e melhor preservados do mundo.</p>

</div>
</div>

2000 Anos De História Do Coliseu Romano (Cronologia Completa)
